{"id":634,"date":"2019-01-26T15:37:02","date_gmt":"2019-01-26T15:37:02","guid":{"rendered":"http:\/\/egeszsegterkep.hu\/?page_id=634"},"modified":"2019-02-09T09:28:23","modified_gmt":"2019-02-09T09:28:23","slug":"szervezetfejlesztes-hr-tanacsadas","status":"publish","type":"page","link":"https:\/\/naturmarketing.hu\/egeszsegterkep\/szervezetfejlesztes-hr-tanacsadas\/","title":{"rendered":"Eg\u00e9szs\u00e9ges szervezet"},"content":{"rendered":"<div id=\"pl-634\"  class=\"panel-layout\" ><div id=\"pg-634-0\"  class=\"panel-grid panel-no-style\" ><div id=\"pgc-634-0-0\"  class=\"panel-grid-cell\" ><div id=\"panel-634-0-0-0\" class=\"so-panel widget widget_text panel-first-child panel-last-child\" data-index=\"0\" ><h3 class=\"widget-title\">Szervezet \u00e1lland\u00f3 kih\u00edv\u00e1sai<\/h3>\t\t\t<div class=\"textwidget\"><p>Minden lehet\u0151s\u00e9get meg kell ragadni, hogy megfelel\u0151 adatokb\u00f3l val\u00f3s inform\u00e1ci\u00f3kat gy\u0171jtve, pontosan tudjunk szervezeti diagn\u00f3zist fel\u00e1ll\u00edtani. Egy szervezetre \u00e9rdemes \u00fagy is gondolni, ahogy egy emberi szervezet m\u0171k\u00f6dik. Folyamatos monitoroz\u00e1st, \u00e9rt\u00e9keket \u00e9s megold\u00e1sokat kell \u00f6sszehangolni.<\/p>\n<p>Eg\u00e9szs\u00e9ges-szervezet-fejleszt\u00e9s, folyamatosan biztos\u00edtja a megfelel\u0151 mechanizmusokat \u00f6ntanul\u00f3 m\u00f3don.<\/p>\n<p>\u2666 m\u00e9r\u0151sz\u00e1mok alapj\u00e1n l\u00e1that\u00f3 szervezet<\/p>\n<p>\u2666 \u00e1tl\u00e1that\u00f3 c\u00e9lokkal<\/p>\n<p>\u2666 \u00e9lhet\u0151 folyamatokkal<\/p>\n<p>\u2666 \u00fajra \u00edr\u00f3d\u00f3 kiindul\u00f3pontokkal<\/p>\n<p>\u2666 \u00e9lhet\u0151 kock\u00e1zatokkal<\/p>\n<p>\u2666 megfelel\u0151 motiv\u00e1ci\u00f3s szinttel<\/p>\n<\/div>\n\t\t<\/div><\/div><div id=\"pgc-634-0-1\"  class=\"panel-grid-cell\" ><div id=\"panel-634-0-1-0\" class=\"so-panel widget widget_media_image panel-first-child panel-last-child\" data-index=\"1\" ><img decoding=\"async\" width=\"780\" height=\"475\" src=\"https:\/\/naturmarketing.hu\/egeszsegterkep\/wp-content\/uploads\/2019\/02\/adult-african-descent-analysis-1549000-1024x623.jpg\" class=\"image wp-image-1027  attachment-large size-large\" alt=\"\" style=\"max-width: 100%; height: auto;\" srcset=\"https:\/\/naturmarketing.hu\/egeszsegterkep\/wp-content\/uploads\/2019\/02\/adult-african-descent-analysis-1549000-1024x623.jpg 1024w, https:\/\/naturmarketing.hu\/egeszsegterkep\/wp-content\/uploads\/2019\/02\/adult-african-descent-analysis-1549000-300x183.jpg 300w, https:\/\/naturmarketing.hu\/egeszsegterkep\/wp-content\/uploads\/2019\/02\/adult-african-descent-analysis-1549000-768x468.jpg 768w\" sizes=\"(max-width: 780px) 100vw, 780px\" \/><\/div><\/div><\/div><div id=\"pg-634-1\"  class=\"panel-grid panel-no-style\" ><div id=\"pgc-634-1-0\"  class=\"panel-grid-cell\" ><div id=\"panel-634-1-0-0\" class=\"so-panel widget widget_text panel-first-child panel-last-child\" data-index=\"2\" >\t\t\t<div class=\"textwidget\"><p><strong>Egy sikeres szervezet nem felt\u00e9tlen\u00fcl eg\u00e9szs\u00e9ges.<\/strong><br \/>\nAmikor az emberek akut betegs\u00e9ggel k\u00fcszk\u00f6dnek, \u00e1ltal\u00e1ban teljes\u00edt\u0151k\u00e9pess\u00e9g\u00fck helyre\u00e1ll\u00edt\u00e1s\u00e1ra, nem pedig az \u00f6nmegval\u00f3s\u00edt\u00e1sra koncentr\u00e1lnak.\u00a0Ha sikeresnek nevez\u00fcnk egy szervezetet, ezzel a hat\u00e9konys\u00e1g\u00e1r\u00f3l besz\u00e9l\u00fcnk.\u00a0A produktivit\u00e1s\u00a0alapfelt\u00e9telei\u00a0az id\u0151, a\u00a0hat\u00e9konys\u00e1g \u00e9s a motiv\u00e1ci\u00f3.<\/p>\n<p><strong>A betegs\u00e9gek megfigyelhet\u0151 t\u00fcnetei<\/strong><\/p>\n<p>Amint a probl\u00e9m\u00e1k visszat\u00e9r\u0151v\u00e9 v\u00e1lnak, a szervezetekben egy\u00fattal tipikus magatart\u00e1sform\u00e1k is megjelennek. A probl\u00e9m\u00e1kkal kapcsolatosan megfigyelhet\u0151 magatart\u00e1sform\u00e1kat t\u00fcneteknek nevezz\u00fck. A betegs\u00e9g meg\u00e1llap\u00edt\u00e1s\u00e1hoz a szervezeti betegs\u00e9gek t\u00fcneteinek \u2013 vagy azok jelent\u0151s r\u00e9sz\u00e9nek \u2013 egy\u00fcttesen kell megjelenni\u00fck. A mal\u00e1ria p\u00e9ld\u00e1ul az id\u0151nk\u00e9nti hidegr\u00e1z\u00e1si \u00e9s l\u00e1zrohamokr\u00f3l, az energiavesztes\u00e9gr\u0151l egy\u00fcttesen azonos\u00edthat\u00f3, a magas l\u00e1z \u00f6nmag\u00e1ban m\u00e9g nem utal mal\u00e1ri\u00e1ra.<\/p>\n<p>A t\u00fcnetek kombin\u00e1ci\u00f3ja szindr\u00f3m\u00e1t, t\u00fcnet egy\u00fcttest alkot, amely egy\u00e9rtelm\u0171en jellemzi a betegs\u00e9get. A szervezeti eg\u00e9szs\u00e9g diagn\u00f3zis\u00e1hoz az adatok koncentr\u00e1lt \u00f6sszegy\u0171jt\u00e9s\u00e9re van sz\u00fcks\u00e9g. Egy betegs\u00e9g kezel\u00e9s\u00e9hez \u2013 a diagn\u00f3zis ut\u00e1n \u2013 meg kell hat\u00e1rozni a betegs\u00e9g ok\u00e1t. Ehhez azt kell l\u00e1tnunk, hogy valah\u00e1nyszor ez az ok el\u0151fordul, a betegs\u00e9g is megjelenik.<\/p>\n<\/div>\n\t\t<\/div><\/div><\/div><div id=\"pg-634-2\"  class=\"panel-grid panel-no-style\" ><div id=\"pgc-634-2-0\"  class=\"panel-grid-cell\" ><div id=\"panel-634-2-0-0\" class=\"so-panel widget widget_text panel-first-child panel-last-child\" data-index=\"3\" >\t\t\t<div class=\"textwidget\"><p><strong>Szervezet kutat\u00e1s<\/strong> azonnal megmutatja, hogy hol tal\u00e1lhat\u00f3ak a leg\u00e9get\u0151bb probl\u00e9m\u00e1k, 2018. trendje szerint e h\u00e1rom legnagyobb kih\u00edv\u00e1ssal kell szemben\u00e9zni\u00a0 a k\u00f6vetkez\u0151 \u00e9vekben is:<\/p>\n<ul>\n<li>munkaer\u0151 megtart\u00e1s<\/li>\n<li>motiv\u00e1ci\u00f3 fenntart\u00e1sa<\/li>\n<li>\u00faj munkat\u00e1rs megszerz\u00e9se<\/li>\n<\/ul>\n<p><em>m\u00e1ra napi probl\u00e9mak\u00e9nt jelentkezik, kider\u00fcl kutat\u00e1sainkb\u00f3l is&#8230;<\/em><\/p>\n<\/div>\n\t\t<\/div><\/div><div id=\"pgc-634-2-1\"  class=\"panel-grid-cell\" ><div id=\"panel-634-2-1-0\" class=\"so-panel widget widget_media_video panel-first-child panel-last-child\" data-index=\"4\" ><div style=\"width:100%;\" class=\"wp-video\"><!--[if lt IE 9]><script>document.createElement('video');<\/script><![endif]-->\n<video class=\"wp-video-shortcode\" id=\"video-634-1\" preload=\"metadata\" controls=\"controls\"><source type=\"video\/youtube\" src=\"https:\/\/youtu.be\/q4f4ekZglZo?_=1\" \/><a href=\"https:\/\/youtu.be\/q4f4ekZglZo\">https:\/\/youtu.be\/q4f4ekZglZo<\/a><\/video><\/div><\/div><\/div><\/div><div id=\"pg-634-3\"  class=\"panel-grid panel-no-style\" ><div id=\"pgc-634-3-0\"  class=\"panel-grid-cell\" ><div id=\"panel-634-3-0-0\" class=\"so-panel widget widget_text panel-first-child panel-last-child\" data-index=\"5\" ><h3 class=\"widget-title\">Stressz a lelke mindennek<\/h3>\t\t\t<div class=\"textwidget\"><p>A stressz \u00e1ra emberi \u00e9s gazdas\u00e1gi szempontb\u00f3l is felm\u00e9rhetetlen!<\/p>\n<p>A nyilv\u00e1nval\u00f3 k\u00f6vetkezm\u00e9nyek (s\u00falyos betegs\u00e9g, k\u00e9nyszer\u0171 t\u00e1pp\u00e9nz, v\u00e1ratlan hal\u00e1l, baleset, k\u00e9ts\u00e9gbees\u00e9sb\u0151l elk\u00f6vetett \u00f6ngyilkoss\u00e1g) felesleges trag\u00e9di\u00e1k.<\/p>\n<p><strong>Vannak azonban rejtett k\u00f6vetkezm\u00e9nyek is, ilyenek p\u00e9ld\u00e1ul<\/strong><\/p>\n<ul>\n<li>a megszakad\u00f3 szem\u00e9lyes kapcsolatok,<\/li>\n<li>a hib\u00e1s d\u00f6nt\u00e9sek a munkahelyen \u00e9s a mag\u00e1n\u00e9letben,<\/li>\n<li>a sz\u00fcks\u00e9gesn\u00e9l gyakoribb munkahelyv\u00e1lt\u00e1sok,<\/li>\n<li>a szeg\u00e9nyes vagy hi\u00e1nyz\u00f3 kreativit\u00e1s,<\/li>\n<li>az alacsony teljes\u00edt\u0151k\u00e9pess\u00e9g,<\/li>\n<li>a munkahelyi ellens\u00e9gesked\u00e9s \u00e9s \u2013 v\u00e9g\u00fcl, de nem utols\u00f3sorban \u2013<\/li>\n<li>az eg\u00e9szs\u00e9g \u00e9s a j\u00f3ll\u00e9t min\u0151s\u00e9g\u00e9nek cs\u00f6kken\u00e9se!<\/li>\n<\/ul>\n<p><strong>Napjainkban a munkat\u00e1rsakra nehezed\u0151 stressz komoly probl\u00e9ma.\u00a0<\/strong><\/p>\n<p>Az ir\u00e1ny\u00edt\u00e1s \u00e9s a munka hat\u00e9konys\u00e1ga is s\u00falyosan visszaeshet, cs\u00f6kkenhet a motiv\u00e1ci\u00f3,\u00a0a koll\u00e9g\u00e1k k\u00f6z\u00f6tti konfliktusok pedig a szakszer\u0171 munkav\u00e9gz\u00e9s rov\u00e1s\u00e1ra mehetnek.<\/p>\n<p>Ezek k\u00f6z\u00fcl b\u00e1rmelyik k\u00e9pes l\u00e1that\u00f3an rontani a gazdas\u00e1gi \u00e9s p\u00e9nz\u00fcgyi eredm\u00e9nyeken.<\/p>\n<\/div>\n\t\t<\/div><\/div><\/div><div id=\"pg-634-4\"  class=\"panel-grid panel-no-style\" ><div id=\"pgc-634-4-0\"  class=\"panel-grid-cell\" ><div id=\"panel-634-4-0-0\" class=\"so-panel widget widget_text panel-first-child panel-last-child\" data-index=\"6\" ><h3 class=\"widget-title\">Hat\u00e9konys\u00e1g \u00e9s a motiv\u00e1ci\u00f3 alapja<\/h3>\t\t\t<div class=\"textwidget\"><p><strong>Egy speci\u00e1lis ter\u00fcletet k\u00e9pvisel\u00fcnk, ez az eg\u00e9szs\u00e9ges szervezetfejleszt\u00e9s.<\/strong><\/p>\n<p>Sz\u00fcks\u00e9ges a komplex megk\u00f6zel\u00edt\u00e9s, de m\u00e9gis a szakmais\u00e1g mellet m\u00e9g mindig az eg\u00e9szs\u00e9g a legfontosabb, hiszen eg\u00e9szs\u00e9g n\u00e9lk\u00fcl nem lehet hat\u00e9konyan \u00e9s produkt\u00edvan dolgozni. Kiv\u00e1lts\u00e1gos helyzetben vagyok, mert eg\u00e9szs\u00e9g- \u00e9s k\u00f6z\u00f6ss\u00e9gfejleszt\u0151k\u00e9nt, kommunik\u00e1ci\u00f3s szakemberk\u00e9nt, lehet\u0151s\u00e9gem volt sz\u0171r\u0151- \u00e9s eg\u00e9szs\u00e9gprogramokat szervezni, illetve eg\u00e9szs\u00e9gk\u00f6zpont vezet\u00e9s\u00e9vel t\u00f6bb t\u00edzezer sz\u0171r\u00e9s lebonyol\u00edt\u00e1s\u00e1t szervezni \u00e9s az eredm\u00e9nyek alapj\u00e1n c\u00e9lzott programokat ind\u00edtani.<\/p>\n<p><strong>A legkedveltebb programjaink:<\/strong><\/p>\n<ul>\n<li>stressz menedzsment\u00a0&#8211; kock\u00e1zat t\u00e9rk\u00e9pez\u00e9s<\/li>\n<li>vezet\u0151 t\u00e1mogat\u00e1s egy\u00e9ni \u00e9lethelyzetekre alak\u00edtva<\/li>\n<li>HR t\u00e1mogat\u00e1s: munkat\u00e1rs megtart\u00e1s, egy\u00e9ni fejleszt\u00e9s, employer branding, \u00e9lm\u00e9ny-munka projekt<\/li>\n<li>integr\u00e1ci\u00f3 \u00e9s onboarding<\/li>\n<li>eg\u00e9szs\u00e9g napok, hetek<\/li>\n<li>\u00e9lett\u00e9r-ergon\u00f3mia<\/li>\n<li>interkat\u00edv workshop &#8211; skill m\u00f3dszertan szerint<\/li>\n<li>k\u00fcl\u00f6nf\u00e9le kutat\u00e1sok, eszk\u00f6z\u00f6k: szociometria &#8211; teljes\u00edtm\u00e9ny\u00e9rt\u00e9kel\u00e9ssel, stressz-kock\u00e1zatkutat\u00e1s, life-work-balance &#8211; adatokb\u00f3l inform\u00e1ci\u00f3, inform\u00e1ci\u00f3b\u00f3l megold\u00e1sprogramok!<\/li>\n<\/ul>\n<\/div>\n\t\t<\/div><\/div><div id=\"pgc-634-4-1\"  class=\"panel-grid-cell\" ><div id=\"panel-634-4-1-0\" class=\"so-panel widget widget_media_video panel-first-child panel-last-child\" data-index=\"7\" ><div style=\"width:100%;\" class=\"wp-video\"><video class=\"wp-video-shortcode\" id=\"video-634-2\" preload=\"metadata\" controls=\"controls\"><source type=\"video\/youtube\" src=\"https:\/\/youtu.be\/Qm2Y47lNy2I?_=2\" \/><a href=\"https:\/\/youtu.be\/Qm2Y47lNy2I\">https:\/\/youtu.be\/Qm2Y47lNy2I<\/a><\/video><\/div><\/div><\/div><\/div><\/div>","protected":false},"excerpt":{"rendered":"<p>Minden lehet\u0151s\u00e9get meg kell ragadni, hogy megfelel\u0151 adatokb\u00f3l val\u00f3s inform\u00e1ci\u00f3kat gy\u0171jtve, pontosan tudjunk szervezeti diagn\u00f3zist fel\u00e1ll\u00edtani. Egy szervezetre \u00e9rdemes \u00fagy [&hellip;]<\/p>\n","protected":false},"author":6,"featured_media":0,"parent":0,"menu_order":0,"comment_status":"closed","ping_status":"closed","template":"page-templates\/full-width.php","meta":{"footnotes":""},"_links":{"self":[{"href":"https:\/\/naturmarketing.hu\/egeszsegterkep\/wp-json\/wp\/v2\/pages\/634"}],"collection":[{"href":"https:\/\/naturmarketing.hu\/egeszsegterkep\/wp-json\/wp\/v2\/pages"}],"about":[{"href":"https:\/\/naturmarketing.hu\/egeszsegterkep\/wp-json\/wp\/v2\/types\/page"}],"author":[{"embeddable":true,"href":"https:\/\/naturmarketing.hu\/egeszsegterkep\/wp-json\/wp\/v2\/users\/6"}],"replies":[{"embeddable":true,"href":"https:\/\/naturmarketing.hu\/egeszsegterkep\/wp-json\/wp\/v2\/comments?post=634"}],"version-history":[{"count":0,"href":"https:\/\/naturmarketing.hu\/egeszsegterkep\/wp-json\/wp\/v2\/pages\/634\/revisions"}],"wp:attachment":[{"href":"https:\/\/naturmarketing.hu\/egeszsegterkep\/wp-json\/wp\/v2\/media?parent=634"}],"curies":[{"name":"wp","href":"https:\/\/api.w.org\/{rel}","templated":true}]}}