{"id":638,"date":"2019-01-26T15:39:47","date_gmt":"2019-01-26T15:39:47","guid":{"rendered":"http:\/\/egeszsegterkep.hu\/?page_id=638"},"modified":"2020-02-07T16:53:03","modified_gmt":"2020-02-07T16:53:03","slug":"trening","status":"publish","type":"page","link":"https:\/\/naturmarketing.hu\/egeszsegterkep\/trening\/","title":{"rendered":"Tr\u00e9ning, workshop"},"content":{"rendered":"<div id=\"pl-638\"  class=\"panel-layout\" ><div id=\"pg-638-0\"  class=\"panel-grid panel-no-style\" ><div id=\"pgc-638-0-0\"  class=\"panel-grid-cell\" ><\/div><\/div><div id=\"pg-638-1\"  class=\"panel-grid panel-no-style\" ><div id=\"pgc-638-1-0\"  class=\"panel-grid-cell\" ><div id=\"panel-638-1-0-0\" class=\"so-panel widget widget_text panel-first-child panel-last-child\" data-index=\"1\" ><h3 class=\"widget-title\">Produktivit\u00e1si tan\u00e1csad\u00e1s<\/h3>\t\t\t<div class=\"textwidget\"><p class=\"font7\">Kiindul\u00f3pont meghat\u00e1roz\u00e1s\u00e1val seg\u00edt\u0151, t\u00e1mogat\u00f3 rendszer biztos\u00edt\u00e1sa. Az id\u0151gazd\u00e1lkod\u00e1s ma m\u00e1r nem el\u00e9g, saj\u00e1t magadat kell menedzselni, nem az id\u0151t vagy a stressz! Rugalmass\u00e1g, alkalmazkod\u00f3 k\u00e9pess\u00e9g \u00e9s az \u00e1lland\u00f3 v\u00e1ltoz\u00e1s j\u00f3 kezel\u00e9se.<\/p>\n<p class=\"font7\">Kiemelt a rendszerez\u00e9s \u00e9s a hat\u00e9konys\u00e1g seg\u00edt\u00e9se az \u00e9let h\u00e1rom (egy\u00e9n, csal\u00e1d, munkahely) ter\u00fclet\u00e9re, kieg\u00e9sz\u00edtve eg\u00e9szs\u00e9gfejleszt\u00e9ssel, stressz menedzsel\u00e9ssel, \u00e9lett\u00e9r ergon\u00f3mi\u00e1val, akt\u00edv rekre\u00e1ci\u00f3val, \u00faj folyamatok tervez\u00e9s\u00e9vel, proaktivit\u00e1ssal, id\u0151menedzsmenttel kombin\u00e1lva.<\/p>\n<ul>\n<li>egy\u00e9ni<\/li>\n<li>kis csoportos<\/li>\n<li>online<\/li>\n<\/ul>\n<p>A c\u00e9l hat\u00e1rozza meg a legjobb megold\u00e1st!<\/p>\n<\/div>\n\t\t<\/div><\/div><div id=\"pgc-638-1-1\"  class=\"panel-grid-cell\" ><div id=\"panel-638-1-1-0\" class=\"so-panel widget widget_media_video panel-first-child panel-last-child\" data-index=\"2\" ><div style=\"width:100%;\" class=\"wp-video\"><!--[if lt IE 9]><script>document.createElement('video');<\/script><![endif]-->\n<video class=\"wp-video-shortcode\" id=\"video-638-1\" preload=\"metadata\" controls=\"controls\"><source type=\"video\/youtube\" src=\"https:\/\/youtu.be\/TX-aai99rw4?_=1\" \/><a href=\"https:\/\/youtu.be\/TX-aai99rw4\">https:\/\/youtu.be\/TX-aai99rw4<\/a><\/video><\/div><\/div><\/div><\/div><div id=\"pg-638-2\"  class=\"panel-grid panel-no-style\" ><div id=\"pgc-638-2-0\"  class=\"panel-grid-cell\" ><div id=\"panel-638-2-0-0\" class=\"so-panel widget widget_text panel-first-child panel-last-child\" data-index=\"3\" ><h3 class=\"widget-title\">Eg\u00e9szs\u00e9ges-szervezet-fejleszt\u00e9s<\/h3>\t\t\t<div class=\"textwidget\"><p class=\"font7\">Szervezeti \u00e9rtelemben a c\u00e9lok figyelembev\u00e9tel\u00e9vel, egy\u00e9nre szabott tan\u00e1csad\u00e1s, fejleszt\u00e9s, t\u00e1mogat\u00e1s, a v\u00e1ltoz\u00e1s \u00e9s megval\u00f3s\u00edt\u00e1s seg\u00edt\u00e9se.<\/p>\n<ul>\n<li class=\"font7\">Produktivit\u00e1si tr\u00e9ning (egy\u00e9ni \u00e9s csoportos)<\/li>\n<li class=\"font7\">Interakt\u00edv workshop ig\u00e9ny szerinti t\u00e9mak\u00f6r\u00f6kben<\/li>\n<li class=\"font7\">K\u00f6z\u00f6ss\u00e9gfejleszt\u0151 programok, csoportdinamika t\u00e1mogat\u00e1sa<\/li>\n<\/ul>\n<p class=\"font7\"><span class=\"color29\"><b>Kiemelt figyelem\u00a0<\/b><\/span><\/p>\n<p class=\"font7\"><span class=\"color29\">Eduk\u00e1ci\u00f3, egy\u00e9ni \u00e9s csoportos tud\u00e1st\u00e1r, kih\u00edv\u00e1s vide\u00f3k, \u00e9lm\u00e9ny teremt\u00e9s a mindennapokban, gamification&#8230;<\/span><\/p>\n<p class=\"font7\"><span class=\"color29\"><b>\u00c9lett\u00e9r ergon\u00f3mia\u00a0 az irod\u00e1ban is<\/b><\/span><\/p>\n<p class=\"font7\"><span class=\"color29\"><b>\u00a0<\/b><\/span>Talpnyom\u00e1s m\u00e9r\u00e9s, k\u00fcl\u00f6nb\u00f6z\u0151 sz\u00e9kek, eszk\u00f6z\u00f6k bemutat\u00e1sa, kipr\u00f3b\u00e1l\u00e1sa, ide\u00e1lis ergon\u00f3miai be\u00e1ll\u00edt\u00e1sok az \u00edr\u00f3asztalokn\u00e1l, fizikai dolgoz\u00f3k t\u00e1mogat\u00e1sa, m\u00f3dszerek, irodai torna, irodai massz\u00e1zs, egy\u00e9ni \u00e9s csoportos mozg\u00e1s m\u00f3dszerek, el\u0151ad\u00e1sok, mozdulj program.<\/p>\n<\/div>\n\t\t<\/div><\/div><div id=\"pgc-638-2-1\"  class=\"panel-grid-cell\" ><div id=\"panel-638-2-1-0\" class=\"so-panel widget widget_media_video panel-first-child panel-last-child\" data-index=\"4\" ><div style=\"width:100%;\" class=\"wp-video\"><video class=\"wp-video-shortcode\" id=\"video-638-2\" preload=\"metadata\" controls=\"controls\"><source type=\"video\/youtube\" src=\"https:\/\/youtu.be\/o4JI-lh5E3Q?_=2\" \/><a href=\"https:\/\/youtu.be\/o4JI-lh5E3Q\">https:\/\/youtu.be\/o4JI-lh5E3Q<\/a><\/video><\/div><\/div><\/div><\/div><div id=\"pg-638-3\"  class=\"panel-grid panel-no-style\" ><div id=\"pgc-638-3-0\"  class=\"panel-grid-cell\" ><div id=\"panel-638-3-0-0\" class=\"so-panel widget widget_text panel-first-child panel-last-child\" data-index=\"5\" ><h3 class=\"widget-title\">Kieg\u00e9sz\u00edt\u0151 eg\u00e9szs\u00e9get t\u00e1mogat\u00f3 programok<\/h3>\t\t\t<div class=\"textwidget\"><p class=\"font7\"><strong>Relax kieg\u00e9sz\u00edt\u0151k<\/strong><\/p>\n<p class=\"font7\">Megold\u00e1sok, amelyek azonnali stresszmentes\u00edt\u0151 hat\u00e1st eredm\u00e9nyeznek:<\/p>\n<ul>\n<li class=\"font7\">massz\u00e1zs fotelek haszn\u00e1lata k\u00f6zben oxig\u00e9n ter\u00e1pia: oxig\u00e9n n\u00e9lk\u00fcl, nincs \u00e9let, a szervezet m\u0171k\u00f6d\u00e9se f\u00fcgg t\u0151le.<\/li>\n<li class=\"font7\">hat\u00e9konys\u00e1g, regener\u00e1l\u00e1s, stresszold\u00e1s\u2026relax\u00e1l\u00f3 te\u00e1k: nyugtat\u00f3, stresszold\u00f3, szorong\u00e1sg\u00e1tl\u00f3 hat\u00e1sa seg\u00edti a kiegyens\u00falyozotts\u00e1got.<\/li>\n<li class=\"font7\">Medi\u00e1ci\u00f3, speci\u00e1lis konfliktuskezel\u00e9si m\u00f3dszer.<\/li>\n<li class=\"font7\">Assszert\u00edv kommunik\u00e1ci\u00f3 fejleszt\u00e9s.<\/li>\n<li class=\"font7\">J\u00f3ga, aerobik, labda, gerinctorna, valamint k\u00fcl\u00f6nb\u00f6z\u0151 mozg\u00e1s programok.<\/li>\n<\/ul>\n<p class=\"font7\"><strong>Eg\u00e9szs\u00e9g hat\u00e1rok n\u00e9lk\u00fcl<\/strong><\/p>\n<p class=\"font7\">Tehet\u00fcnk magunk v\u00e9delm\u00e9\u00e9rt az eg\u00e9szs\u00e9ges \u00e9letm\u00f3don t\u00fal.<\/p>\n<p class=\"font7\">Oxig\u00e9n ter\u00e1pia\u00a0&#8211; Eg\u00e9szs\u00e9gt\u00e9rk\u00e9p programok kieg\u00e9sz\u00edt\u0151je: vezet\u0151i t\u00e1mogat\u00f3 program r\u00e9szek\u00e9nt, c\u00e9ges kihelyezett stresszmentes\u00edt\u0151 programk\u00e9nt, egy\u00e9ni produktivit\u00e1si tan\u00e1csad\u00e1s alkalm\u00e1val, csoportos program (stressz, csapat\u00e9p\u00edt\u00e9s&#8230;) r\u00e9szek\u00e9nt<span class=\"color29\"><b>.<\/b><\/span><\/p>\n<p class=\"font7\"><span class=\"color29\"><b>Alternat\u00edv megel\u0151z\u0151 m\u00f3dszerek<\/b><\/span><\/p>\n<p class=\"font7\">Intelligens luxuskabin rendszer: kryoter\u00e1pia &#8211; m\u00e1s n\u00e9ven hidegsokk kezel\u00e9s, infraszauna, oxig\u00e9nter\u00e1pia, s\u00f3ter\u00e1pia, vibr\u00e1ci\u00f3s tr\u00e9ner, fut\u00f3pad, gerinck\u00edm\u00e9l\u0151 szobaker\u00e9kp\u00e1r.<\/p>\n<\/div>\n\t\t<\/div><\/div><div id=\"pgc-638-3-1\"  class=\"panel-grid-cell\" ><div id=\"panel-638-3-1-0\" class=\"so-panel widget widget_media_video panel-first-child panel-last-child\" data-index=\"6\" ><div style=\"width:100%;\" class=\"wp-video\"><video class=\"wp-video-shortcode\" id=\"video-638-3\" preload=\"metadata\" controls=\"controls\"><source type=\"video\/youtube\" src=\"https:\/\/youtu.be\/N35e8DmjoZA?_=3\" \/><a href=\"https:\/\/youtu.be\/N35e8DmjoZA\">https:\/\/youtu.be\/N35e8DmjoZA<\/a><\/video><\/div><\/div><\/div><\/div><\/div>","protected":false},"excerpt":{"rendered":"<p>Kiindul\u00f3pont meghat\u00e1roz\u00e1s\u00e1val seg\u00edt\u0151, t\u00e1mogat\u00f3 rendszer biztos\u00edt\u00e1sa. Az id\u0151gazd\u00e1lkod\u00e1s ma m\u00e1r nem el\u00e9g, saj\u00e1t magadat kell menedzselni, nem az id\u0151t vagy [&hellip;]<\/p>\n","protected":false},"author":6,"featured_media":0,"parent":0,"menu_order":0,"comment_status":"closed","ping_status":"closed","template":"page-templates\/pagebuilder.php","meta":{"footnotes":""},"_links":{"self":[{"href":"https:\/\/naturmarketing.hu\/egeszsegterkep\/wp-json\/wp\/v2\/pages\/638"}],"collection":[{"href":"https:\/\/naturmarketing.hu\/egeszsegterkep\/wp-json\/wp\/v2\/pages"}],"about":[{"href":"https:\/\/naturmarketing.hu\/egeszsegterkep\/wp-json\/wp\/v2\/types\/page"}],"author":[{"embeddable":true,"href":"https:\/\/naturmarketing.hu\/egeszsegterkep\/wp-json\/wp\/v2\/users\/6"}],"replies":[{"embeddable":true,"href":"https:\/\/naturmarketing.hu\/egeszsegterkep\/wp-json\/wp\/v2\/comments?post=638"}],"version-history":[{"count":0,"href":"https:\/\/naturmarketing.hu\/egeszsegterkep\/wp-json\/wp\/v2\/pages\/638\/revisions"}],"wp:attachment":[{"href":"https:\/\/naturmarketing.hu\/egeszsegterkep\/wp-json\/wp\/v2\/media?parent=638"}],"curies":[{"name":"wp","href":"https:\/\/api.w.org\/{rel}","templated":true}]}}

Tréning, workshop

<div id="pl-638"  class="panel-layout" ><div id="pg-638-0"  class="panel-grid panel-no-style" ><div id="pgc-638-0-0"  class="panel-grid-cell" ></div></div><div id="pg-638-1"  class="panel-grid panel-no-style" ><div id="pgc-638-1-0"  class="panel-grid-cell" ><div id="panel-638-1-0-0" class="so-panel widget widget_text panel-first-child panel-last-child" data-index="1" ><h3 class="widget-title">Produktivitási tanácsadás</h3>			<div class="textwidget"><p class="font7">Kiindulópont meghatározásával segítő, támogató rendszer biztosítása. Az időgazdálkodás ma már nem elég, saját magadat kell menedzselni, nem az időt vagy a stressz! Rugalmasság, alkalmazkodó képesség és az állandó változás jó kezelése.</p>
<p class="font7">Kiemelt a rendszerezés és a hatékonyság segítése az élet három (egyén, család, munkahely) területére, kiegészítve egészségfejlesztéssel, stressz menedzseléssel, élettér ergonómiával, aktív rekreációval, új folyamatok tervezésével, proaktivitással, időmenedzsmenttel kombinálva.</p>
<ul>
<li>egyéni</li>
<li>kis csoportos</li>
<li>online</li>
</ul>
<p>A cél határozza meg a legjobb megoldást!</p>
</div>
		</div></div><div id="pgc-638-1-1"  class="panel-grid-cell" ><div id="panel-638-1-1-0" class="so-panel widget widget_media_video panel-first-child panel-last-child" data-index="2" ><div style="width:100%;" class="wp-video"><!--[if lt IE 9]><script>document.createElement('video');</script><![endif]-->
<video class="wp-video-shortcode" id="video-638-1" preload="metadata" controls="controls"><source type="video/youtube" src="https://youtu.be/TX-aai99rw4?_=1" /><a href="https://youtu.be/TX-aai99rw4">https://youtu.be/TX-aai99rw4</a></video></div></div></div></div><div id="pg-638-2"  class="panel-grid panel-no-style" ><div id="pgc-638-2-0"  class="panel-grid-cell" ><div id="panel-638-2-0-0" class="so-panel widget widget_text panel-first-child panel-last-child" data-index="3" ><h3 class="widget-title">Egészséges-szervezet-fejlesztés</h3>			<div class="textwidget"><p class="font7">Szervezeti értelemben a célok figyelembevételével, egyénre szabott tanácsadás, fejlesztés, támogatás, a változás és megvalósítás segítése.</p>
<ul>
<li class="font7">Produktivitási tréning (egyéni és csoportos)</li>
<li class="font7">Interaktív workshop igény szerinti témakörökben</li>
<li class="font7">Közösségfejlesztő programok, csoportdinamika támogatása</li>
</ul>
<p class="font7"><span class="color29"><b>Kiemelt figyelem </b></span></p>
<p class="font7"><span class="color29">Edukáció, egyéni és csoportos tudástár, kihívás videók, élmény teremtés a mindennapokban, gamification&#8230;</span></p>
<p class="font7"><span class="color29"><b>Élettér ergonómia  az irodában is</b></span></p>
<p class="font7"><span class="color29"><b> </b></span>Talpnyomás mérés, különböző székek, eszközök bemutatása, kipróbálása, ideális ergonómiai beállítások az íróasztaloknál, fizikai dolgozók támogatása, módszerek, irodai torna, irodai masszázs, egyéni és csoportos mozgás módszerek, előadások, mozdulj program.</p>
</div>
		</div></div><div id="pgc-638-2-1"  class="panel-grid-cell" ><div id="panel-638-2-1-0" class="so-panel widget widget_media_video panel-first-child panel-last-child" data-index="4" ><div style="width:100%;" class="wp-video"><video class="wp-video-shortcode" id="video-638-2" preload="metadata" controls="controls"><source type="video/youtube" src="https://youtu.be/o4JI-lh5E3Q?_=2" /><a href="https://youtu.be/o4JI-lh5E3Q">https://youtu.be/o4JI-lh5E3Q</a></video></div></div></div></div><div id="pg-638-3"  class="panel-grid panel-no-style" ><div id="pgc-638-3-0"  class="panel-grid-cell" ><div id="panel-638-3-0-0" class="so-panel widget widget_text panel-first-child panel-last-child" data-index="5" ><h3 class="widget-title">Kiegészítő egészséget támogató programok</h3>			<div class="textwidget"><p class="font7"><strong>Relax kiegészítők</strong></p>
<p class="font7">Megoldások, amelyek azonnali stresszmentesítő hatást eredményeznek:</p>
<ul>
<li class="font7">masszázs fotelek használata közben oxigén terápia: oxigén nélkül, nincs élet, a szervezet működése függ tőle.</li>
<li class="font7">hatékonyság, regenerálás, stresszoldás…relaxáló teák: nyugtató, stresszoldó, szorongásgátló hatása segíti a kiegyensúlyozottságot.</li>
<li class="font7">Mediáció, speciális konfliktuskezelési módszer.</li>
<li class="font7">Assszertív kommunikáció fejlesztés.</li>
<li class="font7">Jóga, aerobik, labda, gerinctorna, valamint különböző mozgás programok.</li>
</ul>
<p class="font7"><strong>Egészség határok nélkül</strong></p>
<p class="font7">Tehetünk magunk védelméért az egészséges életmódon túl.</p>
<p class="font7">Oxigén terápia &#8211; Egészségtérkép programok kiegészítője: vezetői támogató program részeként, céges kihelyezett stresszmentesítő programként, egyéni produktivitási tanácsadás alkalmával, csoportos program (stressz, csapatépítés&#8230;) részeként<span class="color29"><b>.</b></span></p>
<p class="font7"><span class="color29"><b>Alternatív megelőző módszerek</b></span></p>
<p class="font7">Intelligens luxuskabin rendszer: kryoterápia &#8211; más néven hidegsokk kezelés, infraszauna, oxigénterápia, sóterápia, vibrációs tréner, futópad, gerinckímélő szobakerékpár.</p>
</div>
		</div></div><div id="pgc-638-3-1"  class="panel-grid-cell" ><div id="panel-638-3-1-0" class="so-panel widget widget_media_video panel-first-child panel-last-child" data-index="6" ><div style="width:100%;" class="wp-video"><video class="wp-video-shortcode" id="video-638-3" preload="metadata" controls="controls"><source type="video/youtube" src="https://youtu.be/N35e8DmjoZA?_=3" /><a href="https://youtu.be/N35e8DmjoZA">https://youtu.be/N35e8DmjoZA</a></video></div></div></div></div></div>

<p>Kiindulópont meghatározásával segítő, támogató rendszer biztosítása. Az időgazdálkodás ma már nem elég, saját magadat kell menedzselni, nem az időt vagy [&hellip;]</p>
